{"id":3233,"date":"2025-01-16T09:34:45","date_gmt":"2025-01-16T09:34:45","guid":{"rendered":"https:\/\/banater-schwaben-es.de\/?page_id=3233"},"modified":"2025-01-16T15:02:07","modified_gmt":"2025-01-16T15:02:07","slug":"jahresprogramm-2025","status":"publish","type":"page","link":"https:\/\/banater-schwaben-es.de\/?page_id=3233","title":{"rendered":"Jahresprogramm 2025"},"content":{"rendered":"\n<figure class=\"wp-block-table\"><table><tbody><tr><td><strong>Datum<\/strong><\/td><td><strong>Veranstaltung<\/strong><\/td><\/tr><tr><td>22.02.<\/td><td><strong>Faschingsball des Kreisverbandes <\/strong>mit den \u201eSchlagerbengeln\u201c Treffpunkt Stadtmitte, Wendlingen am Neckar<\/td><\/tr><tr><td>&nbsp;1.03.<\/td><td><strong>Kinderfasching <\/strong>zusammen mit der Stadt Wendlingen am Neckar Treffpunkt Stadtmitte, Wendlingen am Neckar<\/td><\/tr><tr><td>&nbsp;4. &#8211; 6.04.<\/td><td><strong>Interne Vereinsfreizeit<\/strong> <br>Jugendbildungsst\u00e4tte Haus S\u00fcdm\u00e4hren, 71139 Ehningen<\/td><\/tr><tr><td>27.04.<\/td><td><strong>Maibaumfest<\/strong> <br>Marktplatz, Wendlingen am Neckar<\/td><\/tr><tr><td>17.05.<\/td><td><strong>75. Jubil\u00e4um LM in Augsburg<\/strong> <strong>&nbsp;<\/strong><\/td><\/tr><tr><td>24.05.<\/td><td><strong>HOG Treffen Sanktanna<\/strong> Auftritt Kindergruppe 2.<\/td><\/tr><tr><td>31.05.<\/td><td><strong>Maientag in G\u00f6ppingen<\/strong> Teilnahme am Umzug<\/td><\/tr><tr><td>10.-16.06.<\/td><td><strong>DBJT Reise nach Temeswar<\/strong><\/td><\/tr><tr><td>12.07.<\/td><td><strong>DBJT-Sportfest und Zeltlager<\/strong> <strong>Crailsheim<\/strong><\/td><\/tr><tr><td>26.-27.07.<\/td><td><strong>Vinzenzifest Wendlingen am Neckar<\/strong> Brauchtumsdarbietung am Samstag und Sonntag, Umzug<\/td><\/tr><tr><td>August<\/td><td>Beteiligung am <strong>Sommerferienprogramm<\/strong> der Stadt Wendlingen<\/td><\/tr><tr><td>August<\/td><td><strong>Internes Grillfest<\/strong> <br>Gartenschule, Wendlingen am Neckar<\/td><\/tr><tr><td>20.09.<\/td><td><strong>Landestrachtenfest in G\u00f6ppingen<\/strong> &nbsp;<\/td><\/tr><tr><td>18.10.<\/td><td><strong>Herbstball<\/strong> des Kreisverbandes mit den \u201eSchlagerbengeln\u201c Treffpunkt Stadtmitte, Wendlingen am Neckar<\/td><\/tr><tr><td>07. &#8211; 9.11.<\/td><td><strong>DBJT-Brauchtumsseminar<\/strong> f\u00fcr Jugendliche Wieshof, Allg\u00e4u<\/td><\/tr><tr><td>07.12.<\/td><td><strong>Adventsfeier <\/strong>des Kreisverbandes Katholisches Gemeindezentrum St. Georg, Wendlingen am Neckar<\/td><\/tr><tr><td>Dezember<\/td><td><strong>Weihnachtstheatervorf\u00fchrung<\/strong> der Kindergruppe B\u00fcrgertreff \u201eMIT\u201c, Wendlingen am Neckar<\/td><\/tr><tr><td>Dezember<\/td><td>Gruppen \u2013 <strong>Jahresabschlussfeier<\/strong><\/td><\/tr><\/tbody><\/table><\/figure>\n","protected":false},"excerpt":{"rendered":"<p>Datum Veranstaltung 22.02. Faschingsball des Kreisverbandes mit den \u201eSchlagerbengeln\u201c Treffpunkt Stadtmitte, Wendlingen am Neckar &nbsp;1.03. Kinderfasching zusammen mit der Stadt Wendlingen am Neckar Treffpunkt Stadtmitte, Wendlingen am Neckar &nbsp;4. &#8211; 6.04. Interne Vereinsfreizeit Jugendbildungsst\u00e4tte Haus S\u00fcdm\u00e4hren, 71139 Ehningen 27.04. Maibaumfest &hellip; <a href=\"https:\/\/banater-schwaben-es.de\/?page_id=3233\">Weiterlesen <span class=\"meta-nav\">&rarr;<\/span><\/a><\/p>\n","protected":false},"author":2,"featured_media":0,"parent":0,"menu_order":0,"comment_status":"closed","ping_status":"closed","template":"","meta":{"footnotes":""},"class_list":["post-3233","page","type-page","status-publish","hentry"],"_links":{"self":[{"href":"https:\/\/banater-schwaben-es.de\/index.php?rest_route=\/wp\/v2\/pages\/3233","targetHints":{"allow":["GET"]}}],"collection":[{"href":"https:\/\/banater-schwaben-es.de\/index.php?rest_route=\/wp\/v2\/pages"}],"about":[{"href":"https:\/\/banater-schwaben-es.de\/index.php?rest_route=\/wp\/v2\/types\/page"}],"author":[{"embeddable":true,"href":"https:\/\/banater-schwaben-es.de\/index.php?rest_route=\/wp\/v2\/users\/2"}],"replies":[{"embeddable":true,"href":"https:\/\/banater-schwaben-es.de\/index.php?rest_route=%2Fwp%2Fv2%2Fcomments&post=3233"}],"version-history":[{"count":2,"href":"https:\/\/banater-schwaben-es.de\/index.php?rest_route=\/wp\/v2\/pages\/3233\/revisions"}],"predecessor-version":[{"id":3239,"href":"https:\/\/banater-schwaben-es.de\/index.php?rest_route=\/wp\/v2\/pages\/3233\/revisions\/3239"}],"wp:attachment":[{"href":"https:\/\/banater-schwaben-es.de\/index.php?rest_route=%2Fwp%2Fv2%2Fmedia&parent=3233"}],"curies":[{"name":"wp","href":"https:\/\/api.w.org\/{rel}","templated":true}]}}

<figure class="wp-block-table"><table><tbody><tr><td><strong>Datum</strong></td><td><strong>Veranstaltung</strong></td></tr><tr><td>22.02.</td><td><strong>Faschingsball des Kreisverbandes </strong>mit den „Schlagerbengeln“ Treffpunkt Stadtmitte, Wendlingen am Neckar</td></tr><tr><td>&nbsp;1.03.</td><td><strong>Kinderfasching </strong>zusammen mit der Stadt Wendlingen am Neckar Treffpunkt Stadtmitte, Wendlingen am Neckar</td></tr><tr><td>&nbsp;4. &#8211; 6.04.</td><td><strong>Interne Vereinsfreizeit</strong> <br>Jugendbildungsstätte Haus Südmähren, 71139 Ehningen</td></tr><tr><td>27.04.</td><td><strong>Maibaumfest</strong> <br>Marktplatz, Wendlingen am Neckar</td></tr><tr><td>17.05.</td><td><strong>75. Jubiläum LM in Augsburg</strong> <strong>&nbsp;</strong></td></tr><tr><td>24.05.</td><td><strong>HOG Treffen Sanktanna</strong> Auftritt Kindergruppe 2.</td></tr><tr><td>31.05.</td><td><strong>Maientag in Göppingen</strong> Teilnahme am Umzug</td></tr><tr><td>10.-16.06.</td><td><strong>DBJT Reise nach Temeswar</strong></td></tr><tr><td>12.07.</td><td><strong>DBJT-Sportfest und Zeltlager</strong> <strong>Crailsheim</strong></td></tr><tr><td>26.-27.07.</td><td><strong>Vinzenzifest Wendlingen am Neckar</strong> Brauchtumsdarbietung am Samstag und Sonntag, Umzug</td></tr><tr><td>August</td><td>Beteiligung am <strong>Sommerferienprogramm</strong> der Stadt Wendlingen</td></tr><tr><td>August</td><td><strong>Internes Grillfest</strong> <br>Gartenschule, Wendlingen am Neckar</td></tr><tr><td>20.09.</td><td><strong>Landestrachtenfest in Göppingen</strong> &nbsp;</td></tr><tr><td>18.10.</td><td><strong>Herbstball</strong> des Kreisverbandes mit den „Schlagerbengeln“ Treffpunkt Stadtmitte, Wendlingen am Neckar</td></tr><tr><td>07. &#8211; 9.11.</td><td><strong>DBJT-Brauchtumsseminar</strong> für Jugendliche Wieshof, Allgäu</td></tr><tr><td>07.12.</td><td><strong>Adventsfeier </strong>des Kreisverbandes Katholisches Gemeindezentrum St. Georg, Wendlingen am Neckar</td></tr><tr><td>Dezember</td><td><strong>Weihnachtstheatervorführung</strong> der Kindergruppe Bürgertreff „MIT“, Wendlingen am Neckar</td></tr><tr><td>Dezember</td><td>Gruppen – <strong>Jahresabschlussfeier</strong></td></tr></tbody></table></figure>

<p>Datum Veranstaltung 22.02. Faschingsball des Kreisverbandes mit den „Schlagerbengeln“ Treffpunkt Stadtmitte, Wendlingen am Neckar &nbsp;1.03. Kinderfasching zusammen mit der Stadt Wendlingen am Neckar Treffpunkt Stadtmitte, Wendlingen am Neckar &nbsp;4. &#8211; 6.04. Interne Vereinsfreizeit Jugendbildungsstätte Haus Südmähren, 71139 Ehningen 27.04. Maibaumfest &hellip; <a href="https://banater-schwaben-es.de/?page_id=3233">Weiterlesen <span class="meta-nav">&rarr;</span></a></p>
