{"id":167,"date":"2010-07-30T19:59:21","date_gmt":"2010-07-30T19:59:21","guid":{"rendered":"http:\/\/Dieeinstsonnt\u00e4glicheKleidungderAuswandererundderenvereinfachteFormenf\u00fcrdenWerktag,allemiteinanderbarockerHerkunft,warenimBanatnochlebendigesVolksgut,alsdiesesTrachteninihrenUrsprungsl\u00e4ndernurnoch"},"modified":"2020-05-13T15:30:03","modified_gmt":"2020-05-13T15:30:03","slug":"trachten","status":"publish","type":"page","link":"https:\/\/banater-schwaben-es.de\/?page_id=167","title":{"rendered":"Trachten"},"content":{"rendered":"<h1>Unsere Trachten<\/h1>\n<p>Wir tragen die Tracht der Banater Heide. Die Tracht ist ein wesentlicher Bestandteil des sachlichen Kulturgutes. Jede Volkstracht ist im Schnitt und Material den Besch\u00e4ftigungen der sozialen Gruppe angepasst, die sie geschaffen hat und tr\u00e4gt; sie ist, wie die Sprache und Sitte, Erkennungszeichen des Volkes. Tracht tragen, hei\u00dft Bekenntnis zur Gemeinschaft, zum Volksstamm und ist ein \u00e4u\u00dferes Zeichen der Verbindung von Sitte und Brauchtum. Die einst sonnt\u00e4gliche Kleidung der Auswanderer und deren vereinfachte Formen f\u00fcr den Werktag, alle miteinander barocker Herkunft, waren im Banat noch\u00a0 lebendiges Volksgut, als diese Trachten in ihren Ursprungsl\u00e4nder nur noch musealen Wert hatten.<\/p>\n<p style=\"text-align: left;\">Unsere <strong><em><span style=\"color: #000000;\">Kirchweihtracht<\/span><\/em><\/strong> (seit 1989) wurde im Banat von M\u00e4dchen bis zur Hochzeit getragen. Sie lehnt sich an die Tracht der HOG &#8211; Heimatortsgemeinde Moritzfeld an. Die M\u00e4dchen tragen einen fein plissierten Oberrock (L\u00e4nge 20 cm vom Boden), darunter 3 &#8211; 5 stark gest\u00e4rkte Leinenunterr\u00f6cke mit Spitzenbesatz, die teilweise in Falten gelegt sind, dies erm\u00f6glicht die barocke Prachtentfaltung. Dar\u00fcber kommt eine schwarze Sch\u00fcrze mit Spitzen ums\u00e4umt und drei Spitzeneins\u00e4tze. AmOberk\u00f6rper wird eine leicht gest\u00e4rkte wei\u00dfe Bluse mit &#8222;puschichi&#8220; bauschigen \u00c4rmeln und Spitze am Halsausschnitt und \u00c4rmeln getragen. Dar\u00fcber ein schwarzes Samtleibchen, dass mit einem rosa Band geschn\u00fcrt wird.<\/p>\n<p style=\"text-align: left;\">Die Zierde der M\u00e4dchentracht ist das aus rosa Seide mit handgekn\u00fcpften Fransen besetze Schultertuch. Es wird um den K\u00f6rper geschlungen und \u00fcber der Brust gekreuzt (rechts \u00fcber links), dabei kunstvoll in Falten &#8222;gesteckt&#8220; und mit einer Brosche verziert. Zwei Zipfel, genannt<\/p>\n<p style=\"text-align: left;\">Unsere M\u00e4nnertracht ist dagegen einfach: Schwarze Hose, schwarze Schuhe, wei\u00dfes Hemd, dar\u00fcber das schwarze &#8222;Leiwel&#8220; mit runden Silberkn\u00f6pfen, allgemein keine Kopfbedeckung. Zu festlichen Gelegenheiten tragen die M\u00e4nner schwarze H\u00fcte mit breiter Krempe, die mit handgemachten Blumen, Bl\u00e4ttern, B\u00e4ndern und Spiegeln &#8222;geputzt&#8220; werden. F\u00fcr den Kirchweihwein verwenden wir die traditionellen Kirchweihflaschen mit rosa Schleife.<\/p>\n<p style=\"text-align: left;\"><a href=\"http:\/\/banater-schwaben-es.de\/wp-content\/uploads\/2018\/10\/P5190363.jpg\"><img loading=\"lazy\" decoding=\"async\" class=\"alignnone size-large wp-image-2270\" src=\"banater-schwaben-es.de\/wp-content\/uploads\/2018\/10\/P5190363-1024x768.jpg\" alt=\"\" width=\"640\" height=\"480\" srcset=\"https:\/\/banater-schwaben-es.de\/wp-content\/uploads\/2018\/10\/P5190363-1024x768.jpg 1024w, https:\/\/banater-schwaben-es.de\/wp-content\/uploads\/2018\/10\/P5190363-300x225.jpg 300w, https:\/\/banater-schwaben-es.de\/wp-content\/uploads\/2018\/10\/P5190363-768x576.jpg 768w, https:\/\/banater-schwaben-es.de\/wp-content\/uploads\/2018\/10\/P5190363.jpg 2048w\" sizes=\"auto, (max-width: 640px) 100vw, 640px\" \/><\/a><\/p>\n<p style=\"text-align: left;\"><a href=\"http:\/\/banater-schwaben-es.de\/wp-content\/uploads\/2018\/10\/IMG_4053.jpg\"><img loading=\"lazy\" decoding=\"async\" class=\"alignnone size-large wp-image-2271\" src=\"banater-schwaben-es.de\/wp-content\/uploads\/2018\/10\/IMG_4053-1024x576.jpg\" alt=\"\" width=\"640\" height=\"360\" srcset=\"https:\/\/banater-schwaben-es.de\/wp-content\/uploads\/2018\/10\/IMG_4053-1024x576.jpg 1024w, https:\/\/banater-schwaben-es.de\/wp-content\/uploads\/2018\/10\/IMG_4053-300x169.jpg 300w, https:\/\/banater-schwaben-es.de\/wp-content\/uploads\/2018\/10\/IMG_4053-768x432.jpg 768w, https:\/\/banater-schwaben-es.de\/wp-content\/uploads\/2018\/10\/IMG_4053.jpg 2048w\" sizes=\"auto, (max-width: 640px) 100vw, 640px\" \/><\/a><\/p>\n<p style=\"text-align: left;\">Unsere <em><strong><span style=\"color: #000000;\">Werktagstracht<\/span> <\/strong><\/em>(seit 1 992) wurde nach dem Vorbild der Neuarader Tracht gen\u00e4ht. Sie besteht aus einer schlichten wei\u00dfen Bluse, einem bunten gebl\u00fcmten Rock mit farbig passenden Leibchen und einer blauen in Falten gelegter Sch\u00fcrze und darunter ein Leinenunterrock. Im Gegensatz zur Festtagstracht ist der Unterrock nur leicht gest\u00e4rkt.<\/p>\n<p style=\"text-align: left;\"><a href=\"http:\/\/banater-schwaben-es.de\/wp-content\/uploads\/2018\/10\/230922-081218.jpg\"><img loading=\"lazy\" decoding=\"async\" class=\"alignnone size-large wp-image-2269\" src=\"banater-schwaben-es.de\/wp-content\/uploads\/2018\/10\/230922-081218-1024x693.jpg\" alt=\"\" width=\"640\" height=\"433\" srcset=\"https:\/\/banater-schwaben-es.de\/wp-content\/uploads\/2018\/10\/230922-081218-1024x693.jpg 1024w, https:\/\/banater-schwaben-es.de\/wp-content\/uploads\/2018\/10\/230922-081218-300x203.jpg 300w, https:\/\/banater-schwaben-es.de\/wp-content\/uploads\/2018\/10\/230922-081218-768x519.jpg 768w, https:\/\/banater-schwaben-es.de\/wp-content\/uploads\/2018\/10\/230922-081218.jpg 2048w\" sizes=\"auto, (max-width: 640px) 100vw, 640px\" \/><\/a><\/p>\n<p style=\"text-align: left;\">Unsere <span style=\"color: #000000;\"><strong><em>Kindertracht<\/em><\/strong><\/span> (seit 2001 ) wurde von einer Neupanaterin gen\u00e4ht. Am Oberk\u00f6rper wird eine leicht gest\u00e4rkte wei\u00dfe Bluse mit bauschigen \u00c4rmeln und Spitze am Halsausschnitt und \u00c4rmeln getragen. Passend zu den R\u00f6cken haben wir auch farbige B\u00e4nder an den \u00c4rmeln. Dar\u00fcber ein schwarzes Samtleibchen, das mit einem roten Band geschn\u00fcrt wird. Dazu einen bunten, gebl\u00fcmten Rock und eine wei\u00dfe Sch\u00fcrze mit einer gestickten Borte in der Farbe des Rockes. Darunter ist ein gest\u00e4rkter in gro\u00dfen Falten gelegter Unterrock. Die Haare werden geflochten und die M\u00e4dchen tragen ein Samthalsband. Dazu wei\u00dfe Str\u00fcmpfe und Samtschuhe.<\/p>\n<p style=\"text-align: left;\"><a href=\"http:\/\/banater-schwaben-es.de\/wp-content\/uploads\/2018\/10\/IMG_7200.jpg\"><img loading=\"lazy\" decoding=\"async\" class=\"alignnone size-large wp-image-2268\" src=\"banater-schwaben-es.de\/wp-content\/uploads\/2018\/10\/IMG_7200-1024x768.jpg\" alt=\"\" width=\"640\" height=\"480\" srcset=\"https:\/\/banater-schwaben-es.de\/wp-content\/uploads\/2018\/10\/IMG_7200-1024x768.jpg 1024w, https:\/\/banater-schwaben-es.de\/wp-content\/uploads\/2018\/10\/IMG_7200-300x225.jpg 300w, https:\/\/banater-schwaben-es.de\/wp-content\/uploads\/2018\/10\/IMG_7200-768x576.jpg 768w, https:\/\/banater-schwaben-es.de\/wp-content\/uploads\/2018\/10\/IMG_7200.jpg 2048w\" sizes=\"auto, (max-width: 640px) 100vw, 640px\" \/><\/a><\/p>\n<p style=\"text-align: left;\">Unsere <span style=\"color: #000000;\"><em><strong>Sonntagstracht<\/strong><\/em><\/span> (seit 201 4) wurde von Frauen und M\u00e4dchen zum Kirchgang oder an Festtagen getragen.Zurzeit besteht sie aus einem Unterrock, der in breiten Falten gelegt ist, einem wei\u00dfen Hemd mit einem Sattel in Brusth\u00f6he mit Spitze am Halsausschnitt und gerade geschnittenen Dreiviertel\u00e4rmeln mit Spitze. Wie im Banat \u00fcblich haben die Hemden einen \u201eUnnerstock\u201c. Der Oberrock ist aus Seide mit einem Schlitz in der Mitte, dar\u00fcber eine Sch\u00fcrze auch &#8222;Ferter&#8220; genannt. Die M\u00e4dchen tragen die Samtleibchen von unserer Kirchweihtracht. Zur Sonntagstracht geh\u00f6rt eine Jacke (Joppe) die leider aus finanziellen Gr\u00fcnden und Zeitmangel noch fehlt. Wirarbeiten dran und haben bereits ein Muster (Schnitt) zum N\u00e4hen der Jacke vorbereitet. Deshalb hoffen wir in K\u00fcrze eine vollst\u00e4ndige Sonntagstracht f\u00fcr unsere M\u00e4dchen und Frauen vorstellen zu k\u00f6nnen.<\/p>\n<p style=\"text-align: left;\"><a href=\"http:\/\/banater-schwaben-es.de\/wp-content\/uploads\/2018\/10\/1-GB-Karte-014.jpg\"><img loading=\"lazy\" decoding=\"async\" class=\"alignnone size-large wp-image-2267\" src=\"banater-schwaben-es.de\/wp-content\/uploads\/2018\/10\/1-GB-Karte-014-1024x768.jpg\" alt=\"\" width=\"640\" height=\"480\" srcset=\"https:\/\/banater-schwaben-es.de\/wp-content\/uploads\/2018\/10\/1-GB-Karte-014-1024x768.jpg 1024w, https:\/\/banater-schwaben-es.de\/wp-content\/uploads\/2018\/10\/1-GB-Karte-014-300x225.jpg 300w, https:\/\/banater-schwaben-es.de\/wp-content\/uploads\/2018\/10\/1-GB-Karte-014-768x576.jpg 768w, https:\/\/banater-schwaben-es.de\/wp-content\/uploads\/2018\/10\/1-GB-Karte-014.jpg 1600w\" sizes=\"auto, (max-width: 640px) 100vw, 640px\" \/><\/a><\/p>\n","protected":false},"excerpt":{"rendered":"<p>Unsere Trachten Wir tragen die Tracht der Banater Heide. Die Tracht ist ein wesentlicher Bestandteil des sachlichen Kulturgutes. Jede Volkstracht ist im Schnitt und Material den Besch\u00e4ftigungen der sozialen Gruppe angepasst, die sie geschaffen hat und tr\u00e4gt; sie ist, wie &hellip; <a href=\"https:\/\/banater-schwaben-es.de\/?page_id=167\">Weiterlesen <span class=\"meta-nav\">&rarr;<\/span><\/a><\/p>\n","protected":false},"author":2,"featured_media":0,"parent":13,"menu_order":40,"comment_status":"closed","ping_status":"closed","template":"","meta":{"footnotes":""},"class_list":["post-167","page","type-page","status-publish","hentry"],"_links":{"self":[{"href":"https:\/\/banater-schwaben-es.de\/index.php?rest_route=\/wp\/v2\/pages\/167","targetHints":{"allow":["GET"]}}],"collection":[{"href":"https:\/\/banater-schwaben-es.de\/index.php?rest_route=\/wp\/v2\/pages"}],"about":[{"href":"https:\/\/banater-schwaben-es.de\/index.php?rest_route=\/wp\/v2\/types\/page"}],"author":[{"embeddable":true,"href":"https:\/\/banater-schwaben-es.de\/index.php?rest_route=\/wp\/v2\/users\/2"}],"replies":[{"embeddable":true,"href":"https:\/\/banater-schwaben-es.de\/index.php?rest_route=%2Fwp%2Fv2%2Fcomments&post=167"}],"version-history":[{"count":23,"href":"https:\/\/banater-schwaben-es.de\/index.php?rest_route=\/wp\/v2\/pages\/167\/revisions"}],"predecessor-version":[{"id":2785,"href":"https:\/\/banater-schwaben-es.de\/index.php?rest_route=\/wp\/v2\/pages\/167\/revisions\/2785"}],"up":[{"embeddable":true,"href":"https:\/\/banater-schwaben-es.de\/index.php?rest_route=\/wp\/v2\/pages\/13"}],"wp:attachment":[{"href":"https:\/\/banater-schwaben-es.de\/index.php?rest_route=%2Fwp%2Fv2%2Fmedia&parent=167"}],"curies":[{"name":"wp","href":"https:\/\/api.w.org\/{rel}","templated":true}]}}

http://DieeinstsonntäglicheKleidungderAuswandererundderenvereinfachteFormenfürdenWerktag,allemiteinanderbarockerHerkunft,warenimBanatnochlebendigesVolksgut,alsdiesesTrachteninihrenUrsprungsländernurnoch

<h1>Unsere Trachten</h1>
<p>Wir tragen die Tracht der Banater Heide. Die Tracht ist ein wesentlicher Bestandteil des sachlichen Kulturgutes. Jede Volkstracht ist im Schnitt und Material den Beschäftigungen der sozialen Gruppe angepasst, die sie geschaffen hat und trägt; sie ist, wie die Sprache und Sitte, Erkennungszeichen des Volkes. Tracht tragen, heißt Bekenntnis zur Gemeinschaft, zum Volksstamm und ist ein äußeres Zeichen der Verbindung von Sitte und Brauchtum. Die einst sonntägliche Kleidung der Auswanderer und deren vereinfachte Formen für den Werktag, alle miteinander barocker Herkunft, waren im Banat noch  lebendiges Volksgut, als diese Trachten in ihren Ursprungsländer nur noch musealen Wert hatten.</p>
<p style="text-align: left;">Unsere <strong><em><span style="color: #000000;">Kirchweihtracht</span></em></strong> (seit 1989) wurde im Banat von Mädchen bis zur Hochzeit getragen. Sie lehnt sich an die Tracht der HOG &#8211; Heimatortsgemeinde Moritzfeld an. Die Mädchen tragen einen fein plissierten Oberrock (Länge 20 cm vom Boden), darunter 3 &#8211; 5 stark gestärkte Leinenunterröcke mit Spitzenbesatz, die teilweise in Falten gelegt sind, dies ermöglicht die barocke Prachtentfaltung. Darüber kommt eine schwarze Schürze mit Spitzen umsäumt und drei Spitzeneinsätze. AmOberkörper wird eine leicht gestärkte weiße Bluse mit &#8222;puschichi&#8220; bauschigen Ärmeln und Spitze am Halsausschnitt und Ärmeln getragen. Darüber ein schwarzes Samtleibchen, dass mit einem rosa Band geschnürt wird.</p>
<p style="text-align: left;">Die Zierde der Mädchentracht ist das aus rosa Seide mit handgeknüpften Fransen besetze Schultertuch. Es wird um den Körper geschlungen und über der Brust gekreuzt (rechts über links), dabei kunstvoll in Falten &#8222;gesteckt&#8220; und mit einer Brosche verziert. Zwei Zipfel, genannt</p>
<p style="text-align: left;">Unsere Männertracht ist dagegen einfach: Schwarze Hose, schwarze Schuhe, weißes Hemd, darüber das schwarze &#8222;Leiwel&#8220; mit runden Silberknöpfen, allgemein keine Kopfbedeckung. Zu festlichen Gelegenheiten tragen die Männer schwarze Hüte mit breiter Krempe, die mit handgemachten Blumen, Blättern, Bändern und Spiegeln &#8222;geputzt&#8220; werden. Für den Kirchweihwein verwenden wir die traditionellen Kirchweihflaschen mit rosa Schleife.</p>
<p style="text-align: left;"><a href="http://banater-schwaben-es.de/wp-content/uploads/2018/10/P5190363.jpg"><img loading="lazy" decoding="async" class="alignnone size-large wp-image-2270" src="banater-schwaben-es.de/wp-content/uploads/2018/10/P5190363-1024x768.jpg" alt="" width="640" height="480" srcset="https://banater-schwaben-es.de/wp-content/uploads/2018/10/P5190363-1024x768.jpg 1024w, https://banater-schwaben-es.de/wp-content/uploads/2018/10/P5190363-300x225.jpg 300w, https://banater-schwaben-es.de/wp-content/uploads/2018/10/P5190363-768x576.jpg 768w, https://banater-schwaben-es.de/wp-content/uploads/2018/10/P5190363.jpg 2048w" sizes="auto, (max-width: 640px) 100vw, 640px" /></a></p>
<p style="text-align: left;"><a href="http://banater-schwaben-es.de/wp-content/uploads/2018/10/IMG_4053.jpg"><img loading="lazy" decoding="async" class="alignnone size-large wp-image-2271" src="banater-schwaben-es.de/wp-content/uploads/2018/10/IMG_4053-1024x576.jpg" alt="" width="640" height="360" srcset="https://banater-schwaben-es.de/wp-content/uploads/2018/10/IMG_4053-1024x576.jpg 1024w, https://banater-schwaben-es.de/wp-content/uploads/2018/10/IMG_4053-300x169.jpg 300w, https://banater-schwaben-es.de/wp-content/uploads/2018/10/IMG_4053-768x432.jpg 768w, https://banater-schwaben-es.de/wp-content/uploads/2018/10/IMG_4053.jpg 2048w" sizes="auto, (max-width: 640px) 100vw, 640px" /></a></p>
<p style="text-align: left;">Unsere <em><strong><span style="color: #000000;">Werktagstracht</span> </strong></em>(seit 1 992) wurde nach dem Vorbild der Neuarader Tracht genäht. Sie besteht aus einer schlichten weißen Bluse, einem bunten geblümten Rock mit farbig passenden Leibchen und einer blauen in Falten gelegter Schürze und darunter ein Leinenunterrock. Im Gegensatz zur Festtagstracht ist der Unterrock nur leicht gestärkt.</p>
<p style="text-align: left;"><a href="http://banater-schwaben-es.de/wp-content/uploads/2018/10/230922-081218.jpg"><img loading="lazy" decoding="async" class="alignnone size-large wp-image-2269" src="banater-schwaben-es.de/wp-content/uploads/2018/10/230922-081218-1024x693.jpg" alt="" width="640" height="433" srcset="https://banater-schwaben-es.de/wp-content/uploads/2018/10/230922-081218-1024x693.jpg 1024w, https://banater-schwaben-es.de/wp-content/uploads/2018/10/230922-081218-300x203.jpg 300w, https://banater-schwaben-es.de/wp-content/uploads/2018/10/230922-081218-768x519.jpg 768w, https://banater-schwaben-es.de/wp-content/uploads/2018/10/230922-081218.jpg 2048w" sizes="auto, (max-width: 640px) 100vw, 640px" /></a></p>
<p style="text-align: left;">Unsere <span style="color: #000000;"><strong><em>Kindertracht</em></strong></span> (seit 2001 ) wurde von einer Neupanaterin genäht. Am Oberkörper wird eine leicht gestärkte weiße Bluse mit bauschigen Ärmeln und Spitze am Halsausschnitt und Ärmeln getragen. Passend zu den Röcken haben wir auch farbige Bänder an den Ärmeln. Darüber ein schwarzes Samtleibchen, das mit einem roten Band geschnürt wird. Dazu einen bunten, geblümten Rock und eine weiße Schürze mit einer gestickten Borte in der Farbe des Rockes. Darunter ist ein gestärkter in großen Falten gelegter Unterrock. Die Haare werden geflochten und die Mädchen tragen ein Samthalsband. Dazu weiße Strümpfe und Samtschuhe.</p>
<p style="text-align: left;"><a href="http://banater-schwaben-es.de/wp-content/uploads/2018/10/IMG_7200.jpg"><img loading="lazy" decoding="async" class="alignnone size-large wp-image-2268" src="banater-schwaben-es.de/wp-content/uploads/2018/10/IMG_7200-1024x768.jpg" alt="" width="640" height="480" srcset="https://banater-schwaben-es.de/wp-content/uploads/2018/10/IMG_7200-1024x768.jpg 1024w, https://banater-schwaben-es.de/wp-content/uploads/2018/10/IMG_7200-300x225.jpg 300w, https://banater-schwaben-es.de/wp-content/uploads/2018/10/IMG_7200-768x576.jpg 768w, https://banater-schwaben-es.de/wp-content/uploads/2018/10/IMG_7200.jpg 2048w" sizes="auto, (max-width: 640px) 100vw, 640px" /></a></p>
<p style="text-align: left;">Unsere <span style="color: #000000;"><em><strong>Sonntagstracht</strong></em></span> (seit 201 4) wurde von Frauen und Mädchen zum Kirchgang oder an Festtagen getragen.Zurzeit besteht sie aus einem Unterrock, der in breiten Falten gelegt ist, einem weißen Hemd mit einem Sattel in Brusthöhe mit Spitze am Halsausschnitt und gerade geschnittenen Dreiviertelärmeln mit Spitze. Wie im Banat üblich haben die Hemden einen „Unnerstock“. Der Oberrock ist aus Seide mit einem Schlitz in der Mitte, darüber eine Schürze auch &#8222;Ferter&#8220; genannt. Die Mädchen tragen die Samtleibchen von unserer Kirchweihtracht. Zur Sonntagstracht gehört eine Jacke (Joppe) die leider aus finanziellen Gründen und Zeitmangel noch fehlt. Wirarbeiten dran und haben bereits ein Muster (Schnitt) zum Nähen der Jacke vorbereitet. Deshalb hoffen wir in Kürze eine vollständige Sonntagstracht für unsere Mädchen und Frauen vorstellen zu können.</p>
<p style="text-align: left;"><a href="http://banater-schwaben-es.de/wp-content/uploads/2018/10/1-GB-Karte-014.jpg"><img loading="lazy" decoding="async" class="alignnone size-large wp-image-2267" src="banater-schwaben-es.de/wp-content/uploads/2018/10/1-GB-Karte-014-1024x768.jpg" alt="" width="640" height="480" srcset="https://banater-schwaben-es.de/wp-content/uploads/2018/10/1-GB-Karte-014-1024x768.jpg 1024w, https://banater-schwaben-es.de/wp-content/uploads/2018/10/1-GB-Karte-014-300x225.jpg 300w, https://banater-schwaben-es.de/wp-content/uploads/2018/10/1-GB-Karte-014-768x576.jpg 768w, https://banater-schwaben-es.de/wp-content/uploads/2018/10/1-GB-Karte-014.jpg 1600w" sizes="auto, (max-width: 640px) 100vw, 640px" /></a></p>

<p>Unsere Trachten Wir tragen die Tracht der Banater Heide. Die Tracht ist ein wesentlicher Bestandteil des sachlichen Kulturgutes. Jede Volkstracht ist im Schnitt und Material den Beschäftigungen der sozialen Gruppe angepasst, die sie geschaffen hat und trägt; sie ist, wie &hellip; <a href="https://banater-schwaben-es.de/?page_id=167">Weiterlesen <span class="meta-nav">&rarr;</span></a></p>
